{"id":2,"date":"2025-08-18T13:20:40","date_gmt":"2025-08-18T13:20:40","guid":{"rendered":"https:\/\/globaltechgate.ro\/www\/?page_id=2"},"modified":"2025-08-19T13:41:34","modified_gmt":"2025-08-19T10:41:34","slug":"politica-de-utilizare-cookies","status":"publish","type":"page","link":"https:\/\/globaltechgate.ro\/www\/politica-de-utilizare-cookies\/","title":{"rendered":"Politica de utilizare cookies"},"content":{"rendered":"\n<h3 class=\"wp-block-heading\">1. Introducere<\/h3>\n\n\n\n<p>Prezenta Politic\u0103 privind fi\u0219ierele cookies se aplic\u0103 tuturor utilizatorilor paginii curente de internet. Informa\u021biile prezentate \u00een continuare au ca scop informarea utilizatorilor acestei pagini de internet cu privire la plasarea, utilizarea \u0219i administrarea cookie-urilor de c\u0103tre\u00a0 administratorul site-ului\u00a0<strong>globaltechgate.ro<\/strong>, \u00een contextul navig\u0103rii utilizatorilor pe aceast\u0103 pagin\u0103 de internet.<\/p>\n\n\n\n<h3 class=\"wp-block-heading\">2. Ce sunt cookie-urile?<\/h3>\n\n\n\n<p>Folosim termenul \u201ecookie\u201d-uri pentru a ne referi la modulele cookie \u0219i la tehnologiile similare prin intermediul c\u0103rora pot fi colectate informa\u021bii \u00een mod automat.<\/p>\n\n\n\n<p>Un \u201eInternet Cookie\u201d (termen cunoscut \u0219i sub denumirea de \u201ebrowser cookie\u201d sau \u201eHTTP cookie\u201d ori \u201ecookie\u201d) reprezint\u0103 un fi\u0219ier de mici dimensiuni, format din litere \u0219i numere, care va fi stocat pe computerul, terminalul mobil sau pe alte echipamente ale unui utilizator prin intermediul c\u0103rora se acceseaz\u0103 internetul.<\/p>\n\n\n\n<p>Cookie-urile sunt instalate prin solicitarea emis\u0103 de un web-server c\u0103tre un browser (de ex.: Edge, Firefox, Chrome, Opera, Safari). Cookie-urile odat\u0103 instalate au o durat\u0103 de existen\u021b\u0103 determinat\u0103, r\u0103m\u00e2n\u00e2nd \u201epasive\u201d, \u00een sensul c\u0103 nu con\u021bin programe software, viru\u0219i sau spyware \u0219i nu vor accesa informa\u021biile de pe hard driverul utilizatorului pe al c\u0103rui echipament au fost instalate.<\/p>\n\n\n\n<p>Un cookie este format din dou\u0103 p\u0103r\u021bi:<\/p>\n\n\n\n<ol class=\"wp-block-list\">\n<li>numele cookie-ului; \u0219i<\/li>\n\n\n\n<li>con\u021binutul sau valoarea cookie-ului.<\/li>\n<\/ol>\n\n\n\n<p>Din punct de vedere tehnic, doar web-serverul care a trimis cookie-ul \u00eel poate accesa din nou \u00een momentul \u00een care un utilizator se \u00eentoarce pe pagina de internet asociat\u0103 web-serverului respectiv.<\/p>\n\n\n\n<h3 class=\"wp-block-heading\">3. Pentru ce scopuri sunt utilizate cookie-urile prin intermediul acestei pagini de internet:<\/h3>\n\n\n\n<p>Cookie-urile sunt utilizate pentru a asigura func\u021bionarea site-ului \u0219i pentru a furniza utilizatorilor acestei pagini de internet o experien\u021b\u0103 mai bun\u0103 de navigare \u0219i informa\u021bii adaptate interesului fiec\u0103rui utilizator \u00een parte \u0219i anume pentru:<\/p>\n\n\n\n<ul class=\"wp-block-list\">\n<li>\u00eembun\u0103t\u0103\u021birea utiliz\u0103rii acestei pagini de internet, de exemplu prin re\u021binerea numelui \u0219i a adresei de email completate c\u00e2nd a\u021bi scris un comentariu, astfel \u00eenc\u00e2t data viitoare s\u0103 le g\u0103si\u021bi deja completate;<\/li>\n\n\n\n<li>furnizarea de statistici anonime cu privire la modul \u00een care este utilizat\u0103 aceast\u0103 pagin\u0103 de internet c\u0103tre administratorul site-ului, \u00een calitate de de\u021bin\u0103tor al acestei pagini de internet, ca s\u0103 \u0219tie cum merge site-ul, ce se cite\u0219te \u0219i ce nu, ce s\u0103 adapteze grafica si continutul pentru o afisare cat mai optima pe diverse echipamente;<\/li>\n\n\n\n<li>memorarea faptului c\u0103 a\u021bi v\u0103zut mesajul de informare privind cookie-urile \u0219i a\u021bi acceptat sau nu utilizarea celor non-func\u021bionale;<\/li>\n\n\n\n<li>memorarea bannerelor v\u0103zute, \u00een caz c\u0103 exist\u0103, astfel \u00eenc\u00e2t s\u0103 fie afi\u0219ate unele de interes pentru utilizator.<\/li>\n<\/ul>\n\n\n\n<p>Toate aceste informa\u021bii (\u00een special statisticile) fac posibil\u0103 existen\u021ba site-ului \u0219i abordareade informatii de interes pentru c\u00e2t mai mul\u021bi cititori.<\/p>\n\n\n\n<h3 class=\"wp-block-heading\">4. Care este durata de via\u021b\u0103 a cookie-urilor?<\/h3>\n\n\n\n<p>Durata de via\u021b\u0103 a cookie-urilor poate varia semnificativ, depinz\u00e2nd de scopul pentru care este plasat. Exist\u0103 urm\u0103toarele categorii de cookie-uri care determin\u0103 \u0219i durata de via\u021b\u0103 a acestora:<\/p>\n\n\n\n<ul class=\"wp-block-list\">\n<li><strong>Cookie-uri de sesiune<\/strong>&nbsp;\u2013 Un \u201ecookie de sesiune\u201d este un cookie care este \u0219ters automat c\u00e2nd utilizatorul \u00ee\u0219i \u00eenchide browserul.<\/li>\n\n\n\n<li><strong>Cookie-uri persistente sau fixe<\/strong>&nbsp;\u2013 Un \u201ecookie persistent\u201d sau \u201efix\u201d este un cookie care r\u0103m\u00e2ne stocat \u00een terminalul utilizatorului p\u00e2n\u0103 c\u00e2nd atinge o anumit\u0103 dat\u0103 de expirare (care poate fi \u00een c\u00e2teva minute, zile sau luni) sau p\u00e2n\u0103 la \u0219tergerea acestuia de c\u0103tre utilizator \u00een orice moment prin intermediul set\u0103rilor browserului.<\/li>\n<\/ul>\n\n\n\n<h3 class=\"wp-block-heading\">5. Ce sunt cookie-urile plasate de ter\u021bi?<\/h3>\n\n\n\n<p>Anumite sec\u021biuni de con\u021binut de pe pagina de internet pot fi furnizate prin intermediul unor ter\u021bi, adic\u0103 nu de c\u0103tre&nbsp;site-ul sycon.audit-itc.ro, caz \u00een care aceste cookie-uri sunt denumite cookie-uri plasate de ter\u021bi (\u201ethird party cookie-uri\u201d).<\/p>\n\n\n\n<p>Ter\u021bii furnizori ai cookie-urilor trebuie s\u0103 respecte, de asemenea, regulile \u00een materie de protec\u021bie a datelor personale.<\/p>\n\n\n\n<p>Aceste cookie-uri pot proveni de la urmatorii ter\u021bi:<\/p>\n\n\n\n<ul class=\"wp-block-list\">\n<li><strong>Google Analytics<\/strong>: pentru analiza traficului \u0219i ob\u021binerea de statistici anonime privind modul de utilizare a site-ului. Anonimizarea adresei IP a vizitatorilor a fost activata prin folosirea parametrului de mai jos, in scriptul de tracking utilizat de&nbsp;<strong>Google Analytics.<\/strong>{ &#8216;anonymize_ip&#8217;: true }<\/li>\n<\/ul>\n\n\n\n<h3 class=\"wp-block-heading\">6. Ce cookie-uri sunt folosite prin intermediul acestei pagini de internet:<\/h3>\n\n\n\n<p>Prin utilizarea\/vizitarea paginii de internet pot fi plasate urm\u0103toarele cookie-uri:<\/p>\n\n\n\n<p>a. Cookie-uri&nbsp;<strong>func\u021bionale<\/strong>: cele necesare pentru func\u021bionarea site-ului.<br>b. Cookie-uri&nbsp;<strong>non-func\u021bionale<\/strong>: cele care \u00eembun\u0103t\u0103\u021besc calitatea site-ului, dar nu sunt necesare pentru buna sa func\u021bionare.<\/p>\n\n\n\n<p><strong>a. Cookie-uri func\u021bionale<\/strong><\/p>\n\n\n\n<p>Prin acest tip de cookie-uri sunt memorate preferin\u021bele utilizatorului acestei pagini de internet, astfel \u00eenc\u00e2t setarea din nou a preferin\u021belor \u00een cazul vizit\u0103rii ulterioare a paginii de internet nu mai este necesar\u0103.<\/p>\n\n\n\n<p>Mai exact, prin cookie-uri plasate de&nbsp;<strong>WordPress<\/strong>&nbsp;se re\u021bin numele, adresa de email \u0219i site-ul completat \u00een momentul public\u0103rii unui comentariu pe site, astfel \u00eenc\u00e2t data viitoare s\u0103 g\u0103si\u021bi aceste date deja completate. Citi\u021bi detalii&nbsp;<a href=\"https:\/\/codex.wordpress.org\/WordPress_Cookies\" target=\"_blank\" rel=\"noreferrer noopener\">pe site-ul WordPress<\/a>&nbsp;.<\/p>\n\n\n\n<p>WordPress a ad\u0103ugat recent posibilitatea de a nu accepta acest cookie, iar datele voastre nu vor fi precompletate pentru urm\u0103torul comentariu. Op\u021biunea o pute\u021bi bifa sau debifa \u00een momentul c\u00e2nd scrie\u021bi un nou comentariu.<\/p>\n\n\n\n<p>Un alt cookie plasat de site re\u021bine c\u0103 a\u021bi v\u0103zut&nbsp;<strong>mesajul privind&nbsp;Politica de fi\u0219iere tip cookie<\/strong>&nbsp;\u0219i c\u0103 a\u021bi acceptat-o sau nu, astfel \u00eenc\u00e2t acel mesaj s\u0103 nu v\u0103 mai fie afi\u0219at data viitoare c\u00e2nd accesa\u021bi site-ul. Dac\u0103 nu vre\u021bi acest cookie, ap\u0103sa\u021bi c\u0103 nu dori\u021bi cookie-uri \u00een bara acelui mesaj de informare.<\/p>\n\n\n\n<p>Un alt cookie \u021bine eviden\u021ba traficului de pe site, ce pagini au fost vizitate, de unde au venit cititorii \u0219i \u00eencotro au plecat. Acest cookie este plasat de&nbsp;<strong>Google Analytics<\/strong>&nbsp;\u0219i s-au activat op\u021biunile de anonimizare a IP-ului utilizatorilor, astfel \u00eenc\u00e2t datele despre trafic sunt pur statistice.&nbsp;Citi\u021bi mai multe detalii \u00een&nbsp;<a href=\"https:\/\/www.google.com\/analytics\/learn\/privacy.html?hl=ro\" target=\"_blank\" rel=\"noreferrer noopener\">politica de confiden\u021bialitate<\/a>&nbsp;\u0219i&nbsp;<a href=\"https:\/\/developers.google.com\/analytics\/devguides\/collection\/analyticsjs\/cookie-usage?hl=ro\" target=\"_blank\" rel=\"noreferrer noopener\">politica de cookies<\/a>&nbsp;a Google Analytics.<\/p>\n\n\n\n<h4 class=\"wp-block-heading\">b. Cookie-uri non-func\u021bionale<\/h4>\n\n\n\n<p>Cookie-urile non-functionale sunt utilizate pentru marketing prin afiliere (proprietarul site-ului primeste un mic comision pentru achizitiile facute pe site-urile partenere, de vizitatorii site-ului sycon.audit-itc.ro).<\/p>\n\n\n\n<p>Site-ul sycon.audit-itc.ro nu plaseaz\u0103 acest tip de cookie-uri.<\/p>\n\n\n\n<h3 class=\"wp-block-heading\">7. Ce tip de informa\u021bii sunt stocate \u0219i accesate prin intermediul cookie-urilor?<\/h3>\n\n\n\n<p>Cookie-urile p\u0103streaz\u0103 informa\u021bii \u00eentr-un fi\u0219ier text de mici dimensiuni care permit recunoa\u0219terea browserului. Aceast\u0103 pagin\u0103 de internet recunoa\u0219te browserul p\u00e2n\u0103 c\u00e2nd cookie-urile expir\u0103 sau sunt \u0219terse.<\/p>\n\n\n\n<h3 class=\"wp-block-heading\">8. Particularizarea set\u0103rile browserului \u00een ceea ce prive\u0219te cookie-urile<\/h3>\n\n\n\n<p>\u00cen cazul \u00een care utilizarea cookie-urilor nu este deranjant\u0103 iar calculatorul sau echipamentul tehnic utilizat pentru navigarea pe aceast\u0103 pagin\u0103 de internet este folosit doar de c\u0103tre dumneavoastr\u0103, pot fi setate termene lungi de expirare pentru stocrarea istoricului de navigare.<\/p>\n\n\n\n<p>\u00cen cazul \u00een care calculatorul sau echipamentul tehnic utilizat pentru navigarea pe aceast\u0103 pagin\u0103 de internet este folosit de mai multe persoane, poate fi luat\u0103 \u00een considerare setarea pentru \u0219tergerea datelor individuale de navigare de fiecare dat\u0103 c\u00e2nd browserul este \u00eenchis. Aceste set\u0103ri se g\u0103sesc \u00een browserul vostru.<\/p>\n\n\n\n<h3 class=\"wp-block-heading\">9. Cum pot fi oprite cookie-urile?<\/h3>\n\n\n\n<p>Dezactivarea \u0219i refuzul de a primi cookie-uri pot face aceast\u0103 pagin\u0103 de internet mai dificil de vizitat, atr\u0103g\u00e2nd dup\u0103 sine limit\u0103ri ale posibilit\u0103\u021bilor de utilizare ale acesteia.<\/p>\n\n\n\n<p>Utilizatorii \u00ee\u0219i pot configura browserul s\u0103 resping\u0103 fi\u0219ierele cookie sau s\u0103 fie acceptate cookie-uri de la o pagin\u0103 de internet anume.<\/p>\n\n\n\n<p>Toate browserele moderne ofer\u0103 posibilitatea de a schimba set\u0103rile cookie-urilor. Aceste set\u0103ri pot fi accesate, ca regul\u0103, \u00een sec\u021biunea \u201eop\u021biuni\u201d sau \u00een meniul de \u201epreferin\u021be\u201d al browserului t\u0103u. Pentru a \u00een\u021belege aceste set\u0103ri, urm\u0103toarele linkuri pot fi folositoare:<\/p>\n\n\n\n<ul class=\"wp-block-list\">\n<li><a href=\"https:\/\/support.microsoft.com\/en-us\/help\/17442\/windows-internet-explorer-delete-manage-cookies\" target=\"_blank\" rel=\"noreferrer noopener\">Cookie settings in Internet Explorer<\/a><\/li>\n\n\n\n<li><a href=\"https:\/\/support.mozilla.org\/en-US\/kb\/enable-and-disable-cookies-website-preferences\" target=\"_blank\" rel=\"noreferrer noopener\">Cookie settings in Firefox<\/a><\/li>\n\n\n\n<li><a href=\"https:\/\/support.google.com\/chrome\/answer\/95647\" target=\"_blank\" rel=\"noreferrer noopener\">Cookie settings in Chrome<\/a><\/li>\n\n\n\n<li><a href=\"https:\/\/support.apple.com\/kb\/ph21411\" target=\"_blank\" rel=\"noreferrer noopener\">Cookie settings in Safari<\/a><\/li>\n\n\n\n<li><a href=\"https:\/\/www.opera.com\/help\/tutorials\/security\/cookies\/\" target=\"_blank\" rel=\"noreferrer noopener\">Cookie settings in Opera<\/a><\/li>\n\n\n\n<li><a href=\"https:\/\/privacy.microsoft.com\/en-us\/windows-10-microsoft-edge-and-privacy\" target=\"_blank\" rel=\"noreferrer noopener\">Cookie settings in Edge<\/a><\/li>\n<\/ul>\n\n\n\n<p>Pentru \u00eentreb\u0103ri suplimentare cu privire la modul \u00een sunt utilizate cookie-urile prin intermediul acestei pagini de internet, v\u0103 rug\u0103m s\u0103 ne scrie\u021bi prin mijloacele puse la dispozi\u021bie (email, telefon, po\u0219t\u0103).<\/p>\n","protected":false},"excerpt":{"rendered":"<p>1. Introducere Prezenta Politic\u0103 privind fi\u0219ierele cookies se aplic\u0103 tuturor utilizatorilor paginii curente de internet. Informa\u021biile prezentate \u00een continuare au ca scop informarea utilizatorilor acestei pagini de internet cu privire la plasarea, utilizarea \u0219i administrarea cookie-urilor de c\u0103tre\u00a0 administratorul site-ului\u00a0globaltechgate.ro, \u00een contextul navig\u0103rii utilizatorilor pe aceast\u0103 pagin\u0103 de internet. 2. Ce sunt cookie-urile? Folosim termenul [&hellip;]<\/p>\n","protected":false},"author":1,"featured_media":0,"parent":0,"menu_order":0,"comment_status":"closed","ping_status":"closed","template":"","meta":{"_acf_changed":false,"footnotes":""},"class_list":["post-2","page","type-page","status-publish","hentry"],"acf":[],"_links":{"self":[{"href":"https:\/\/globaltechgate.ro\/www\/wp-json\/wp\/v2\/pages\/2","targetHints":{"allow":["GET"]}}],"collection":[{"href":"https:\/\/globaltechgate.ro\/www\/wp-json\/wp\/v2\/pages"}],"about":[{"href":"https:\/\/globaltechgate.ro\/www\/wp-json\/wp\/v2\/types\/page"}],"author":[{"embeddable":true,"href":"https:\/\/globaltechgate.ro\/www\/wp-json\/wp\/v2\/users\/1"}],"replies":[{"embeddable":true,"href":"https:\/\/globaltechgate.ro\/www\/wp-json\/wp\/v2\/comments?post=2"}],"version-history":[{"count":10,"href":"https:\/\/globaltechgate.ro\/www\/wp-json\/wp\/v2\/pages\/2\/revisions"}],"predecessor-version":[{"id":153,"href":"https:\/\/globaltechgate.ro\/www\/wp-json\/wp\/v2\/pages\/2\/revisions\/153"}],"wp:attachment":[{"href":"https:\/\/globaltechgate.ro\/www\/wp-json\/wp\/v2\/media?parent=2"}],"curies":[{"name":"wp","href":"https:\/\/api.w.org\/{rel}","templated":true}]}}