{"id":15,"date":"2025-08-18T14:39:19","date_gmt":"2025-08-18T14:39:19","guid":{"rendered":"https:\/\/globaltechgate.ro\/www\/?page_id=15"},"modified":"2026-03-12T17:47:26","modified_gmt":"2026-03-12T15:47:26","slug":"cariera","status":"publish","type":"page","link":"https:\/\/globaltechgate.ro\/www\/cariera\/","title":{"rendered":"Carier\u0103"},"content":{"rendered":"\n<p><strong>Al\u0103tur\u0103-te unei echipe dedicate inova\u021biei!<br><\/strong><\/p>\n\n\n\n<h3 class=\"wp-block-heading\"><strong>Anun\u021buri posturi disponibile:<\/strong><\/h3>\n\n\n\n<ul class=\"wp-block-list\">\n<li><a href=\"https:\/\/globaltechgate.ro\/anunt-recrutare-tehnician-mecanic\/\" data-type=\"link\" data-id=\"https:\/\/globaltechgate.ro\/anunt-recrutare-tehnician-mecanic\/\">Anun\u021b recrutare \u2013 Tehnician mecanic<\/a><\/li>\n\n\n\n<li><a href=\"https:\/\/globaltechgate.ro\/anunt-recrutare-inginer-mecatronist\/\" data-type=\"link\" data-id=\"https:\/\/globaltechgate.ro\/anunt-recrutare-inginer-mecatronist\/\">Anun\u021b recrutare \u2013 Inginer mecatronist<\/a><\/li>\n\n\n\n<li><a href=\"https:\/\/globaltechgate.ro\/anunt-recrutare-inginer-automatist\/\" data-type=\"link\" data-id=\"https:\/\/globaltechgate.ro\/anunt-recrutare-inginer-automatist\/\">Anun\u021b recrutare \u2013 Inginer Automatist<\/a><\/li>\n\n\n\n<li><a href=\"https:\/\/globaltechgate.ro\/anunt-recrutare-cercetator-in-stiinta-materialelor\/\" data-type=\"link\" data-id=\"https:\/\/globaltechgate.ro\/anunt-recrutare-cercetator-in-stiinta-materialelor\/\">Anun\u021b recrutare \u2013 Cercet\u0103tor \u00een \u0219tiin\u021ba materialelor<\/a><\/li>\n<\/ul>\n\n\n\n<p><\/p>\n\n\n\n<p>La&nbsp;<strong>GLOBAL TECH GATE&nbsp;<\/strong>credem \u00een profesionalism, responsabilitate \u0219i progres tehnologic. Activ\u0103m \u00eentr-un domeniu dinamic, \u00een care dezvoltarea continu\u0103 \u0219i g\u00e2ndirea aplicat\u0103 fac diferen\u021ba. De aceea, suntem permanent interesa\u021bi de colaborarea cu persoane serioase, motivate \u0219i capabile s\u0103 contribuie la proiecte cu impact real.<\/p>\n\n\n\n<p><strong>Ce c\u0103ut\u0103m:<\/strong><\/p>\n\n\n\n<p>Suntem deschi\u0219i s\u0103 primim \u00een echipa noastr\u0103:<\/p>\n\n\n\n<ul class=\"wp-block-list\">\n<li>speciali\u0219ti \u00een domenii precum IT, robotic\u0103, inginerie, automatiz\u0103ri sau cercetare aplicat\u0103<\/li>\n\n\n\n<li>persoane organizate, orientate spre rezultate, care pot lucra at\u00e2t independent, c\u00e2t \u0219i \u00een echip\u0103<\/li>\n\n\n\n<li>profesioni\u0219ti dornici s\u0103 se implice \u00een dezvoltarea de solu\u021bii tehnice inovatoare<\/li>\n\n\n\n<li>candida\u021bi care \u00een\u021beleg importan\u021ba rigurozit\u0103\u021bii \u0219i a colabor\u0103rii interdisciplinare<\/li>\n<\/ul>\n\n\n\n<p><strong>Ce oferim:<\/strong><\/p>\n\n\n\n<ul class=\"wp-block-list\">\n<li>un mediu de lucru profesionist, cu obiective clare \u0219i sus\u021binere constant\u0103<\/li>\n\n\n\n<li>participarea la activit\u0103\u021bi de cercetare \u0219i dezvoltare tehnologic\u0103<\/li>\n\n\n\n<li>oportunit\u0103\u021bi reale de \u00eenv\u0103\u021bare \u0219i dezvoltare profesional\u0103<\/li>\n<\/ul>\n\n\n\n<p><strong>Trimite-ne candidatura ta<\/strong><\/p>\n\n\n\n<p>Dac\u0103 \u00ee\u021bi dore\u0219ti s\u0103 faci parte din echipa GLOBAL TECH GATE te invit\u0103m s\u0103 ne trimi\u021bi CV-ul \u00eenso\u021bit de o scurt\u0103 scrisoare de inten\u021bie, la adresa:&nbsp;<a href=\"mailto:office@globaltechgate.ro\"><strong>office@globaltechgate.ro<\/strong><\/a><\/p>\n\n\n\n<p>Candidaturile sunt analizate cu aten\u021bie, iar \u00een cazul \u00een care profilul t\u0103u corespunde nevoilor noastre curente sau viitoare, te vom contacta pentru o discu\u021bie.<\/p>\n\n\n\n<p><\/p>\n","protected":false},"excerpt":{"rendered":"<p>Al\u0103tur\u0103-te unei echipe dedicate inova\u021biei! Anun\u021buri posturi disponibile: La&nbsp;GLOBAL TECH GATE&nbsp;credem \u00een profesionalism, responsabilitate \u0219i progres tehnologic. Activ\u0103m \u00eentr-un domeniu dinamic, \u00een care dezvoltarea continu\u0103 \u0219i g\u00e2ndirea aplicat\u0103 fac diferen\u021ba. De aceea, suntem permanent interesa\u021bi de colaborarea cu persoane serioase, motivate \u0219i capabile s\u0103 contribuie la proiecte cu impact real. Ce c\u0103ut\u0103m: Suntem deschi\u0219i s\u0103 [&hellip;]<\/p>\n","protected":false},"author":1,"featured_media":0,"parent":0,"menu_order":0,"comment_status":"closed","ping_status":"closed","template":"","meta":{"_acf_changed":false,"footnotes":""},"class_list":["post-15","page","type-page","status-publish","hentry"],"acf":[],"_links":{"self":[{"href":"https:\/\/globaltechgate.ro\/www\/wp-json\/wp\/v2\/pages\/15","targetHints":{"allow":["GET"]}}],"collection":[{"href":"https:\/\/globaltechgate.ro\/www\/wp-json\/wp\/v2\/pages"}],"about":[{"href":"https:\/\/globaltechgate.ro\/www\/wp-json\/wp\/v2\/types\/page"}],"author":[{"embeddable":true,"href":"https:\/\/globaltechgate.ro\/www\/wp-json\/wp\/v2\/users\/1"}],"replies":[{"embeddable":true,"href":"https:\/\/globaltechgate.ro\/www\/wp-json\/wp\/v2\/comments?post=15"}],"version-history":[{"count":6,"href":"https:\/\/globaltechgate.ro\/www\/wp-json\/wp\/v2\/pages\/15\/revisions"}],"predecessor-version":[{"id":221,"href":"https:\/\/globaltechgate.ro\/www\/wp-json\/wp\/v2\/pages\/15\/revisions\/221"}],"wp:attachment":[{"href":"https:\/\/globaltechgate.ro\/www\/wp-json\/wp\/v2\/media?parent=15"}],"curies":[{"name":"wp","href":"https:\/\/api.w.org\/{rel}","templated":true}]}}